y = -3 - -2. Let m = 8 + y. What is the greatest common divisor of z and m?
7
Let g(r) = -2*r**2 + 9*r**2 - 4*r**3 + 3*r**3 - 16 + 2*r + 6*r**2. Let c be g(13). Calculate the greatest common factor of 80 and c.
10
Let d(z) be the second derivative of -z**5/20 + z**4/3 - z**2/2 + 3*z. Let v be d(2). Calculate the greatest common divisor of 1 and v.
1
Let x(s) = 3*s - 1. Let m be x(11). Suppose -2*g + 12 + m = 0. Let k be (g - 6)*(-1)/(-1). What is the highest common factor of k and 24?
8
Let m = 127 - 91. What is the greatest common factor of 90 and m?
18
Suppose 121 + 275 = 2*d. What is the greatest common factor of 22 and d?
22
Let m(r) = r**2 + r + 8. Let v be m(6). Let y be 138/7 + (-12)/(-42). Calculate the highest common divisor of v and y.
10
Suppose -4*f - b + 5 = -8, -2*f - 6 = -2*b. Suppose 2*d - 94 = -g, -f*d + 7*d - 361 = -4*g. Calculate the highest common divisor of g and 21.
21
Suppose -6*f + 664 = -578. What is the greatest common divisor of f and 23?
23
Suppose 4*r + 0*r - 49 = -5*f, -2*r - f = -17. Suppose 5 + 67 = 4*q. Calculate the highest common factor of r and q.
6
Let o = 10 + -11. Let g be o*39/(-3) - -2. Calculate the highest common factor of 60 and g.
15
Let b(q) = 2*q**2 + q + 4. Let c be b(-2). What is the greatest common factor of 110 and c?
10
Let b be (-36)/(-15) + (-4)/10. Suppose 22 = b*g - 0*g. Let a(j) = -j**3 - j + 99. Let f be a(0). Calculate the highest common factor of g and f.
11
Let o(d) = 7*d**2 + 2*d + 3. Let f be o(-2). What is the highest common factor of 3 and f?
3
Suppose -3*t = 2*h - 431, -4*t - 5*h + 298 = -279. What is the highest common divisor of t and 13?
13
Let o(r) = r**3 - 6*r**2 + 3*r + 2. Let a be o(6). Suppose -2*x - a = -7*x. Calculate the greatest common divisor of x and 10.
2
Suppose -2*h = i + 6, -2*h - 24 = 4*i + h. Let d(r) = -r**3 - 7*r**2 - 7*r - 2. Let o be d(i). Calculate the highest common divisor of o and 4.
4
Let c(x) = 18*x. Let f be c(2). Suppose -v = -32 + 8. What is the highest common divisor of f and v?
12
Suppose 4*o = 4*x - 2*x + 360, -263 = -3*o + 5*x. Suppose 84 = 5*q - o. Calculate the highest common factor of q and 7.
7
Let i be (8/5)/((-20)/150). Let g be (-7)/(-2) + (-6)/i. Suppose 0*x - g*c = x - 167, 5*x - 930 = -c. What is the highest common factor of 17 and x?
17
Let c(h) = h**3 - 6*h**2 + 2*h - 9. Let g be c(6). What is the greatest common divisor of g and 24?
3
Let f(a) be the third derivative of 1/120*a**6 + 5/12*a**4 + 0 - 5/3*a**3 - a**2 + 0*a - 2/15*a**5. Let p be f(7). What is the highest common factor of p and 1?
1
Suppose 168 + 42 = 5*w. Suppose 0 = -6*y + 72 + 54. Calculate the highest common divisor of w and y.
21
Suppose -3 = 3*c + 2*p, -c - c - 12 = -2*p. Let t be 9/4 - c/(-12). Suppose -4 = -0*x - x. What is the highest common factor of x and t?
2
Let w = -66 + 154. Calculate the greatest common factor of 22 and w.
22
Let k(f) = -7*f**3 - f**2 + 2*f + 3. Let j be 3/9 - 21/9. Let p be k(j). Calculate the highest common divisor of 34 and p.
17
Suppose -3*h - 2*n + 6 + 11 = 0, 2*h - 2*n + 2 = 0. Suppose -i - 4*t = 5, 0 = -h*i - t - 4*t + 13. Calculate the highest common divisor of 11 and i.
11
Let o(y) be the second derivative of y**2 - y + 1/3*y**3 + 0. Let g be o(5). Calculate the greatest common divisor of g and 4.
4
Let n be (-2)/4 - (-15)/2. Suppose 2*d + 13 = y + 120, -y - 163 = -3*d. Calculate the highest common factor of d and n.
7
Let k = -16 - -30. What is the greatest common factor of k and 35?
7
Suppose -3*r = -4*k - 41, r - 3*r - 4*k = -14. What is the highest common factor of r and 1?
1
Suppose -227 = -5*k - 2*g, -5*k = -5*g - 176 - 44. Calculate the greatest common factor of 5 and k.
5
Let p = -91 + 93. What is the highest common factor of p and 8?
2
Suppose -5*d + 105 = -0*d. Let c = -3 - -6. What is the greatest common divisor of c and d?
3
Suppose 2*a - 11 - 21 = 0. Let k = 4 + -2. Calculate the highest common factor of a and k.
2
Let q be 0/12*2/4. Suppose q*b + 54 = 3*b. What is the greatest common divisor of 162 and b?
18
Let h(a) = 8*a**2 + a - 5. Let x(n) = -1. Let l(m) = h(m) - 4*x(m). Let s be l(1). Let j = 24 - s. What is the greatest common divisor of j and 4?
4
Let w(n) = n + 15. Let v be w(-10). Let h = -4 + v. Calculate the greatest common factor of h and 3.
1
Let k = -2 - -4. Suppose k*x + 52 = 3*h, 0 = -2*h + h - 4*x - 6. Calculate the highest common factor of h and 2.
2
Suppose 21 = k + 5*l, -4*k + l = 3*l - 66. Suppose -f = -3*f - 6. Let c be (-2 - 61)/f + 3. Calculate the highest common divisor of k and c.
8
Let c = 50 - -6. Let g be (-6 - -5)/((-1)/3). Suppose 32 + g = 5*t. What is the highest common factor of c and t?
7
Suppose 2*w = t + 32, 7*t = 2*w + 2*t - 48. Calculate the highest common factor of w and 98.
14
Let g = -111 + 192. What is the greatest common factor of g and 9?
9
Let o = -104 - -140. What is the greatest common factor of o and 288?
36
Let s be (4/4)/((-2)/(-26)). Let d = s + -1. Suppose 0 = 4*g - 2*g - d. What is the highest common factor of 48 and g?
6
Let q(u) = -u**3 + 88. Suppose -3*k - 1 + 2 = -f, 0 = 5*k - 3*f - 3. Let b be q(k). Calculate the greatest common divisor of 8 and b.
8
Suppose j = -5*y - 3*j + 4, -16 = -y + 3*j. Suppose -5*c + 70 = -6*w + 3*w, -3*w = -3*c + 48. Let z = c + -7. What is the greatest common factor of z and y?
4
Let v(s) = -4 + s + 2*s + 0*s. Let h(t) = -3*t + 3. Let x(w) = -4*h(w) - 3*v(w). Let l be x(3). Calculate the highest common factor of 1 and l.
1
Let j = 69 + -45. Calculate the greatest common divisor of j and 36.
12
Suppose -d = -2*r + 13 - 1, 0 = 3*r + d - 8. Let s be (-270)/(-24) - (-3)/r. Calculate the greatest common divisor of s and 8.
4
Let j(g) = -7*g**2 - 2*g - 1. Let q be j(-1). Let o = q + 9. Suppose 17 = 3*x + x - o*i, 4*x - 21 = -i. Calculate the highest common factor of x and 40.
5
Let j(k) = -k**2 - 14*k + 3. Let l be j(-6). What is the greatest common divisor of l and 17?
17
Let v be 2/5*(4 - -1). Let g = v + -2. Suppose 4*b + 0 - 20 = g. Calculate the greatest common divisor of 35 and b.
5
Suppose -i = -2*i + 9. What is the highest common divisor of i and 3?
3
Let w = -40 + 71. Suppose -m + 13 = -w. Let j = -4 + 8. Calculate the highest common divisor of j and m.
4
Let r = 17 + -5. What is the highest common divisor of r and 84?
12
Let k(q) = q**3 - 2*q - 1. Let i be k(-1). Suppose -5*d + 8*d - 276 = i. Calculate the greatest common factor of 23 and d.
23
Let q = 8 - 10. Let c(j) = -12*j**3 + 3*j**2 + j - 2. Let o be c(q). Suppose -17 = -k - 4. What is the highest common factor of k and o?
13
Let m be 46/3 - (-4)/(-12). Let q = -7 + 34. Let p = q - m. Calculate the greatest common divisor of p and 48.
12
Let r(x) = 4 - 23*x - 3 + 0 + 2. Suppose 0 = -4*p + 4 - 16. Let j be r(p). What is the highest common divisor of 18 and j?
18
Let u(t) = 3*t**2 + t - 1. Let m be u(-2). Let s = -27 - -28. Calculate the highest common factor of s and m.
1
Let a(d) = 2*d**2 + d + 3. Let t be a(-3). Let j(c) = -25*c**3 - 1. Let w be j(-1). Suppose -q + w = q. Calculate the highest common factor of t and q.
6
Let g be (-21)/(-9) - (-2)/(-6). Let i = 10 - g. Calculate the highest common divisor of 88 and i.
8
Let u(l) = 4*l**3 + 2*l**2 - 1. Let k be u(1). Suppose -k*d + 1 = -4*c, 0*d + 19 = 4*c - d. Calculate the highest common factor of c and 48.
6
Let x(p) be the second derivative of -19*p**3/2 + 3*p**2/2 + 3*p. Let c be x(-4). What is the highest common divisor of 21 and c?
21
Suppose 4*h - 3*x = 15, -2*x + 3 = -4*h + 13. Suppose t - 25 - 4 = h. Let r = t + -14. What is the highest common divisor of 3 and r?
3
Suppose -2*g + 2*r + 75 = -3*r, 69 = 2*g + r. Suppose 3*d - 2*d = -166. Let t be (-3)/(-18) - d/12. What is the greatest common divisor of t and g?
7
Let s(c) = -c + 20. Let z be s(0). Let l = -32 - -52. What is the greatest common divisor of l and z?
20
Let s(w) be the third derivative of 1/24*w**4 + 7/20*w**5 - 1/6*w**3 + 0 - 3*w**2 + 0*w. Let t be s(1). What is the highest common divisor of t and 3?
3
Let u = -44 + 66. Let g = -3 + 1. Let w be g/(-5) + 163/5. Calculate the highest common factor of w and u.
11
Let b(q) = q**3 - 4*q**2 - 4*q - 3. Let l be b(6). What is the highest common divisor of l and 18?
9
Let k(i) = -i**3 - i - 4. Let u b